59
Let v = -85 - -83. Let s(a) = -153*a**3 + 3*a**2 + 13*a + 10. What are the prime factors of s(v)?
2, 5, 61
Suppose -12*j - 8 = -8*j. Let n be j/(-4) + 101/2. Suppose -h = 6 - n. List the prime factors of h.
3, 5
Let y(t) = 2*t**2 + 2*t - 5. Let m be y(0). List the prime factors of (-934)/m - (147/(-35) + 4).
11, 17
Let a = -16 + 66. Let h = a + -50. Suppose x - 7*x + 36 = h. What are the prime factors of x?
2, 3
Let a be 3 - (6 - 4 - -230) - 2. Let u = -71 - a. What are the prime factors of u?
2, 5
Suppose 2*b = 3*p + 8917, 5*p - 2663 - 6230 = -2*b. Suppose 5*m - 3*d = -720 + b, -2*d - 6 = 0. What are the prime factors of m?
5, 149
Let m be 2/(-7) - (-450)/105. Suppose 839 = m*p + 3*z, 2*p - 66*z + 71*z = 409. List the prime factors of p.
2, 53
Let n(z) = -101*z**3 + z**2 - 4. Let h = -271 - -269. What are the prime factors of n(h)?
2, 101
Let w = 40 + -38. Suppose 0 = w*g - 946 - 1776. What are the prime factors of g?
1361
Suppose 11*q = 2*q + 1143. Let c = -5 - q. Let h = 22 - c. What are the prime factors of h?
2, 7, 11
Suppose 2*h = 4*c - 1162 - 1858, 4*h + 3012 = 4*c. Suppose 91 + c = 2*p. List the prime factors of p.
2, 53
Suppose 0 = -236*v + 240*v - 44. Suppose -v = 10*s - 51. List the prime factors of s.
2
List the prime factors of 8561091/924 + (-6)/(-8).
2, 41, 113
Let n(a) = -33*a + 9. Let q be n(9). Suppose -225*t + 533 = -224*t. Let k = t + q. What are the prime factors of k?
5, 7
Let b = -2949 - -5577. What are the prime factors of b?
2, 3, 73
List the prime factors of (7 + 13/(910/(-149250)))*(-63)/6.
2, 3, 3719
Let q be -2 + (-12)/(-3) - -13. Let y = q - 21. Let i(m) = m**2 - 4*m + 7. List the prime factors of i(y).
67
Suppose -4*l + 1053 + 37399 = -2*h, -3*h + 9613 = l. List the prime factors of l.
9613
What are the prime factors of 35/5 - -794*(-69)/(-6)?
2, 3, 1523
Let x = 53208 + -29171. What are the prime factors of x?
13, 43
Suppose -3241*q + 3230*q + 58861 = -70224. What are the prime factors of q?
5, 2347
Let h be 3/3*-3*-1. Let v(t) = 336*t + 35. List the prime factors of v(h).
7, 149
Suppose 0 = -9*s + 8 + 28. Suppose -5*u - s*h + 1152 = 0, -3*u + 688 = -2*h + 6*h. List the prime factors of u.
2, 29
Let r = 230 - 120. Let x = 40 + r. Let t = -36 + x. List the prime factors of t.
2, 3, 19
Suppose -a + 8 = 2*j, 2*a - a = 5*j - 13. Suppose 0 = n, a*i + n = -n + 28. Suppose -2*q + 72 + i = 0. List the prime factors of q.
43
Let p(n) = 8*n - 22. Let r be p(3). Suppose -r*x - c = 2*c + 510, -482 = 2*x - 4*c. Let y = -29 - x. What are the prime factors of y?
2, 5, 11
List the prime factors of (3114/(-6))/(-1*(132/(-136) + 1)).
2, 3, 17, 173
Let g = -190 - -82. Suppose -s + 2*z + 204 = 0, -2*z - 2 = -4*z. Let n = g + s. What are the prime factors of n?
2, 7
What are the prime factors of 9/54 - (1 + 255437/(-42))?
3, 2027
Let j(i) = i. Let s be j(9). Let p be (-7)/((-7)/3) + s. List the prime factors of 81/p - 12/16.
2, 3
Suppose 6*u - 2*u - 5296 = 0. Suppose 10*n - u = 8*n. List the prime factors of n.
2, 331
Let n(p) = 17*p**2 + p + 6. Let d be n(-2). Let j be -1 + (-1454)/(-10) - (-3)/5. Let m = j - d. List the prime factors of m.
73
Suppose 2*z - 7510 = -o, -33*o + 7510 = -32*o - 5*z. List the prime factors of o.
2, 5, 751
Let h = 59 + -59. Suppose h*n = 8*n - 32. Suppose c - 80 = -n*c. What are the prime factors of c?
2
Let u(v) = 53*v**2 + 193*v - 1185. What are the prime factors of u(6)?
3, 11, 19
Suppose 0 = -5*s, 52*m - 48*m = 3*s + 30204. List the prime factors of m.
3, 839
Let g = -9350 - -29292. List the prime factors of g.
2, 13, 59
Suppose 7*o - 42790 = -3173 + 23194. What are the prime factors of o?
3, 997
Let o be (-44)/66*(601 + 2). Let v = 821 + o. What are the prime factors of v?
419
Let z = -941 + 908. Suppose -1905 - 1549 = f. List the prime factors of f/z*6/4.
157
Let j(u) = -2*u**2 - 16*u - 9. Let x be j(-7). Let s(k) = -x*k - 7 - 6 - 4. List the prime factors of s(-4).
3
Let m(z) = z**3 - 6*z**2 + 7*z + 5. Let v(h) be the second derivative of h**4/12 + h**3/2 - 6*h**2 - 10*h. Let d be v(-6). List the prime factors of m(d).
47
Let c be ((-2)/(-5))/(2/10). Let z be ((c - 0 - 0)*-4)/(-2). Suppose 5*u - 11 = z*i, i + 13 = 4*u + 2*i. List the prime factors of u.
3
What are the prime factors of (-131)/(-262)*(5274/(-21))/((-2)/14)?
3, 293
Let m = -109 - -204. Suppose 2*u = m - 29. What are the prime factors of (-16)/(-88) + 3987/u?
11
Suppose -3*o + 9*o - 378 = 0. Let j be 8793/o + (3/7)/1. Suppose 4*b - j = 4*w, -2*b + 3*w + 3 = -65. List the prime factors of b.
37
Let q(i) = -3038*i + 14104. What are the prime factors of q(-8)?
2, 4801
Suppose 0 = -57*x + 74*x - 102680. What are the prime factors of x?
2, 5, 151
Suppose h + 22023 = 5*n - n, 2*h = -6. List the prime factors of n.
3, 5, 367
Suppose 3*l + 4*r = 72673, 14892 = -3*l + 4*r + 87509. What are the prime factors of l?
5, 29, 167
Let n(d) = -d**2 - 8*d - 14. Let z be n(-3). Let q(j) = 535*j**3 - 3*j**2 + 3*j - 1. What are the prime factors of q(z)?
2, 3, 89
Let z be 28/(-10)*(1 - 6). Suppose 5*j + z = 9. What are the prime factors of (j + 2)*71 - 4?
67
Suppose 3*h - 4*r - 1278 = 0, 3*h + 4*r = 672 + 606. Suppose 3*a + 3*f = 2019 - h, -2*a = -2*f - 1054. What are the prime factors of a?
23
Suppose 5*a - 37 = 3. Let n be (14/a - (-4)/16) + 3. Suppose -n*j + 5*p + 670 = 0, -5*j - 5*p = -360 - 310. What are the prime factors of j?
2, 67
Suppose -2*u + 720 = 16*u. Let f(p) = p**2 - 30*p + 91. What are the prime factors of f(u)?
491
List the prime factors of 7*(1090496/280 - 84/70).
2, 13627
Let c(r) = -4*r**2 + 350*r - 208. List the prime factors of c(78).
2, 13, 53
Suppose 2*y - 105 = 7*y. Let x(n) = -35*n - 105. What are the prime factors of x(y)?
2, 3, 5, 7
Let d(q) = -2*q - 6. Suppose 10*x = 9*x - 4. Let j be d(x). Suppose j*g + 4*r - 70 - 280 = 0, -4*g - 5*r = -703. What are the prime factors of g?
3, 59
Let z(y) be the first derivative of 2*y**2 - 17*y + 11. Let x be z(7). Suppose -2*h = 3 - x. What are the prime factors of h?
2
Suppose -58576 = 30*v - 285226. What are the prime factors of v?
5, 1511
Let v(l) = l**3 - 6*l**2 + 8*l - 17. Let a be v(10). Let s = a + -329. List the prime factors of s.
2, 67
Let y = 3523 + 4982. List the prime factors of y.
3, 5, 7
Suppose -4*a + 4459 = -4*l + 60739, -3*a + 3 = 0. What are the prime factors of l?
14071
Suppose -2*c - 2*c + 24 = 0. Suppose 12 = -3*y + c. What are the prime factors of y/5 + 262/5?
2, 13
Let q = -87 + 91. Suppose 3*v - 3*u = 960, -2*v - 210 = -q*u - 842. List the prime factors of v.
2, 3
Let c be (-2)/((-10)/25)*1. Let s be 20*((-710)/(-8))/c. List the prime factors of ((-2)/5)/(1064/s + -3).
2, 71
Let d be -29*2*52/(-8). Suppose -d = -6*l - 47. What are the prime factors of 6/(-10) + 4708/l?
5, 17
Let q(f) = 23*f**3 - 136*f**2 + 9*f + 50. What are the prime factors of q(11)?
2, 23, 311
Let d(i) be the first derivative of i**5/4 + i**4/3 + i**3/2 - 9*i**2/2 + 15. Let b(x) be the second derivative of d(x). What are the prime factors of b(-4)?
211
Let x be ((-4)/(-4))/(-2)*6. Let h be 10*(11 + -7 + (x - 0)). Suppose 0 = -h*w + 809 + 31. List the prime factors of w.
2, 3, 7
Suppose 0 = 2*u - 31*v - 26210, 2*u - 26414 = -2*v - v. List the prime factors of u.
2, 6599
Let g(m) = -m**3 + 8*m**2 - 6*m + 7. Let o be g(8). Let v = o - -46. Suppose 2*h - 115 = -v*t, -3*h + 5*t - t + 115 = 0. What are the prime factors of h?
3, 5
Let q be -3 - (-672 - -5) - (1 + -3). Suppose 842 = 5*m + 2*b, -5*b - q - 204 = -5*m. List the prime factors of m.
2, 5, 17
Let d(u) = u**3 - 10*u**2 + 15*u - 6. Let y be 2/(-1)*(-1 - 2). Let l be d(y). Let f = l + 83. List the prime factors of f.
23
Let n(h) = 1681*h**2 + 103*h - 608. What are the prime factors of n(6)?
2, 53, 571
What are the prime factors of (0 - -8) + (-27758)/((-13)/(39/6))?
3, 1543
Let a = 44990 - 20025. What are the prime factors of a?
5, 4993
Suppose 4*t + 48926 = -895*r + 897*r, -r + 24435 = 5*t. What are the prime factors of r?
5, 67, 73
Let j = -35 - -143. Suppose 7*c - 10 = 2*c. Suppose c*h - j = -2*v, 2*h - 153 = 5*v - 45. What are the prime factors of h?
2, 3
Suppose -5*m + 4*o = -13511 - 17056, 18312 = 3*m + 7*o. List the prime factors of m.
3, 7, 97
Suppose 35*p - 11041 - 76564 = 0. What are the prime factors of p?
2503
Let c = -35 + 1